{"id":824,"date":"2026-02-22T07:40:43","date_gmt":"2026-02-22T07:40:43","guid":{"rendered":"https:\/\/reikas-tanz.de\/?page_id=824"},"modified":"2026-02-22T07:42:07","modified_gmt":"2026-02-22T07:42:07","slug":"auf-und-davon-unsere-online-releases-im-ueberblick","status":"publish","type":"page","link":"https:\/\/reikas-tanz.de\/en\/auf-startseite-angezeigt\/auf-und-davon-unsere-online-releases-im-ueberblick\/","title":{"rendered":"Auf und Davon \u2013 Our Online Releases at a Glance"},"content":{"rendered":"<h2 class=\"wp-block-heading\">Auf und Davon \u2013 Our Online Releases at a Glance<\/h2>\n\n\n\n<p>Our new album <strong>\u201eAuf und Davon\u201c (Away and Gone)<\/strong> goes step by step out into the world \u2013 and we\u2019d like to take you with us.<\/p>\n\n\n\n<p>With <strong>\u201eAuf und Davon\u201c (Away and Gone)<\/strong> and <strong>\u201eAm Ende des Sommers\u201c (At the end of the summer)<\/strong> Two songs are already online and can be heard everywhere. Perhaps you've already listened to them \u2013 perhaps you're only just discovering them.<\/p>\n\n\n\n<p>And now for the special part:<br>Effective immediately, we are publishing <strong>another song of the album every Sunday<\/strong> .<\/p>\n\n\n\n<p>Why?<br>Because we want to celebrate every single title with you. Every song has its own story, its own mood \u2013 and we want to give them the space they deserve, rather than releasing everything at once.<\/p>\n\n\n\n<hr class=\"wp-block-separator has-alpha-channel-opacity\"\/>\n\n\n\n<h2 class=\"wp-block-heading\">Where can you hear the songs?<\/h2>\n\n\n\n<p>Naturally, all releases are available on the usual streaming services.<\/p>\n\n\n\n<p>If you'd like to support us particularly, we would be absolutely delighted if you visited us at <strong>Bandcamp<\/strong>.<br>There you can buy the songs directly from us, discover our merch \u2013 and most importantly:<\/p>\n\n\n\n<p>The physical CD of <em>\u201eAuf und Davon\u201c (Away and Gone)<\/em> pre-order.<\/p>\n\n\n\n<p>Shipping starts on <strong>02.03.2026<\/strong>.<\/p>\n\n\n\n<p>This way to the CD:<br><a href=\"https:\/\/reikastanz.bandcamp.com\/merch\/auf-und-davon-compact-disc\">https:\/\/reikastanz.bandcamp.com\/merch\/auf-und-davon-compact-disc<\/a><\/p>\n\n\n\n<hr class=\"wp-block-separator has-alpha-channel-opacity\"\/>\n\n\n\n<p>This album tells of being on the road, of celebrating, of letting go \u2013 and of the shared moment.<br>Thanks for being part of this.<\/p>\n\n\n\n<p>We're looking forward to the coming Sundays with you. \ud83d\udc9b<\/p>\n\n\n\n<p>Reikas Tanz<\/p>\n\n\n\n<p><\/p>","protected":false},"excerpt":{"rendered":"<p>Auf und Davon \u2013 Unsere Online-Releases im \u00dcberblick Unser neues Album \u201eAuf und Davon\u201c geht Schritt f\u00fcr Schritt in die Welt \u2013 und wir m\u00f6chten euch mitnehmen. Mit \u201eAuf und Davon\u201c und \u201eAm Ende des Sommers\u201c sind bereits zwei Songs online und \u00fcberall zu h\u00f6ren. Vielleicht habt ihr schon reingeh\u00f6rt \u2013 vielleicht entdeckt ihr sie [&hellip;]<\/p>\n","protected":false},"author":4,"featured_media":825,"parent":331,"menu_order":0,"comment_status":"closed","ping_status":"closed","template":"","meta":{"_acf_changed":false,"footnotes":""},"class_list":["post-824","page","type-page","status-publish","has-post-thumbnail","hentry"],"acf":[],"mb":[],"mfb_rest_fields":["title"],"_links":{"self":[{"href":"https:\/\/reikas-tanz.de\/en\/wp-json\/wp\/v2\/pages\/824","targetHints":{"allow":["GET"]}}],"collection":[{"href":"https:\/\/reikas-tanz.de\/en\/wp-json\/wp\/v2\/pages"}],"about":[{"href":"https:\/\/reikas-tanz.de\/en\/wp-json\/wp\/v2\/types\/page"}],"author":[{"embeddable":true,"href":"https:\/\/reikas-tanz.de\/en\/wp-json\/wp\/v2\/users\/4"}],"replies":[{"embeddable":true,"href":"https:\/\/reikas-tanz.de\/en\/wp-json\/wp\/v2\/comments?post=824"}],"version-history":[{"count":2,"href":"https:\/\/reikas-tanz.de\/en\/wp-json\/wp\/v2\/pages\/824\/revisions"}],"predecessor-version":[{"id":827,"href":"https:\/\/reikas-tanz.de\/en\/wp-json\/wp\/v2\/pages\/824\/revisions\/827"}],"up":[{"embeddable":true,"href":"https:\/\/reikas-tanz.de\/en\/wp-json\/wp\/v2\/pages\/331"}],"wp:featuredmedia":[{"embeddable":true,"href":"https:\/\/reikas-tanz.de\/en\/wp-json\/wp\/v2\/media\/825"}],"wp:attachment":[{"href":"https:\/\/reikas-tanz.de\/en\/wp-json\/wp\/v2\/media?parent=824"}],"curies":[{"name":"wp","href":"https:\/\/api.w.org\/{rel}","templated":true}]}}

<p>Auf und Davon – Unsere Online-Releases im Überblick Unser neues Album „Auf und Davon“ geht Schritt für Schritt in die Welt – und wir möchten euch mitnehmen. Mit „Auf und Davon“ und „Am Ende des Sommers“ sind bereits zwei Songs online und überall zu hören. Vielleicht habt ihr schon reingehört – vielleicht entdeckt ihr sie [&hellip;]</p>
